{"id":2,"date":"2024-04-02T15:04:42","date_gmt":"2024-04-02T15:04:42","guid":{"rendered":"https:\/\/www.marcolocatelli.com\/?page_id=2"},"modified":"2025-11-28T16:15:44","modified_gmt":"2025-11-28T15:15:44","slug":"sample-page","status":"publish","type":"page","link":"https:\/\/www.marcolocatelli.com\/","title":{"rendered":"la casa digitale di Marco Locatelli"},"content":{"rendered":"\n<p><em>(cos\u00ec \u00e8 come mi hanno chiamato i miei cari genitori, Ambrogina e Mario)<\/em><\/p>\n\n\n\n<pre class=\"wp-block-preformatted\"><br><br><em>abbiamo imparato a determinare il nostro futuro con indipendenza<\/em><br><br><em>insegniamo ai giovani ad avere fiducia in s\u00e9 stessi affinch\u00e8 scelgano il loro con consapevolezza<\/em><br><\/pre>\n\n\n\n<figure class=\"wp-block-image size-large\"><img fetchpriority=\"high\" decoding=\"async\" width=\"1024\" height=\"995\" src=\"https:\/\/www.marcolocatelli.com\/wp-content\/uploads\/2025\/02\/ml-1024x995.jpg\" alt=\"\" class=\"wp-image-186\" srcset=\"https:\/\/www.marcolocatelli.com\/wp-content\/uploads\/2025\/02\/ml-1024x995.jpg 1024w, https:\/\/www.marcolocatelli.com\/wp-content\/uploads\/2025\/02\/ml-300x291.jpg 300w, https:\/\/www.marcolocatelli.com\/wp-content\/uploads\/2025\/02\/ml-768x746.jpg 768w, https:\/\/www.marcolocatelli.com\/wp-content\/uploads\/2025\/02\/ml-1536x1492.jpg 1536w, https:\/\/www.marcolocatelli.com\/wp-content\/uploads\/2025\/02\/ml-2048x1990.jpg 2048w\" sizes=\"(max-width: 1024px) 100vw, 1024px\" \/><\/figure>\n\n\n\n<h5 class=\"wp-block-heading\">Nato a Bergamo NEL lontano &#8217;64,<br>laureato in Scienze della Informazione (Computer Science) alla Scuola del prof. <a href=\"https:\/\/it.wikipedia.org\/wiki\/Giovanni_Degli_Antoni\" target=\"_blank\" rel=\"noreferrer noopener\">Gianni Degli Antoni<\/a> a Milano,<br>sposato con Negar, <br>pap\u00e0 di Giorgio e Carla, EX studenti Deutsche Schule Mailand, ora FELICI studenti universitarI<br>FRATELLo DEL BRAVISSIMO e famosissimo ARCHITETTO <a href=\"https:\/\/locatellipartners.com\" target=\"_blank\" rel=\"noreferrer noopener\">MASSIMILIANO<\/a><\/h5>\n\n\n\n<h3 class=\"wp-block-heading\"><mark style=\"background-color:#f9ff00\" class=\"has-inline-color has-contrast-color\"><strong>Disclaimer<\/strong><\/mark><\/h3>\n\n\n\n<p><em>Non sono presente su <strong>Facebook<\/strong>, non uso <strong>Instagram<\/strong> da anni (ho smesso!) lo stesso per quanto riguarda <strong>Twitter<\/strong> (nemeno Be Real, Snapchat, Tik Tok&#8230;etc) gli unici &#8220;social&#8221; dove sono presente (timidamente) sono <\/em><a href=\"https:\/\/mastodon.uno\/explore\" target=\"_blank\" rel=\"noreferrer noopener\">mastodon.uno<\/a> <em>come<\/em> <a href=\"https:\/\/mastodon.uno\/@marcoloc\" target=\"_blank\" rel=\"noreferrer noopener\">@marcoloc<\/a> e bluesky sempre come @marcoloc.bsky.social<\/p>\n\n\n\n<p><em>Non sono pi\u00f9 nemmeno su <strong>linkedin<\/strong> &#8211; mi hanno &#8220;buttato fuori&#8221;! <\/em><br><em>No, non ho fatto nulla di scorretto rispetto alle loro regole, ma ho configurato l&#8217;accesso con MFA (come d&#8217;altra parte si dovrebbe fare per tutti gli accessi ai servizi di rete) &#8211; a quel punto linkedin ha deciso che doveva verificare che io sono proprio io ed ha messo una barriera insuperabile che richiede di inviare a tal &#8220;Persona Inc.&#8221; (negli USA) un mio documento d&#8217;identit\u00e0 (fronte\/retro, ben leggibile) e dialogare con un operatore &#8211; senza specificare come sar\u00e0 conservato il documento, il video, con chi sar\u00e0 condiviso, etc. &#8211; di questi tempi poi &#8211; per piacere &#8211; ce ne facciamo una ragione e stiamo senza (comunque su linkedin scriviamo come <a href=\"https:\/\/it.linkedin.com\/company\/rexilience\" target=\"_blank\" rel=\"noreferrer noopener\">Rexilience<\/a><\/em>)<\/p>\n\n\n\n<h3 class=\"wp-block-heading\"><mark style=\"background-color:#f9ff00\" class=\"has-inline-color has-contrast-color\"><strong>Citazione<\/strong><\/mark><\/h3>\n\n\n\n<p><em>Se ho visto pi\u00f9 lontano, \u00e8 perch\u00e9 stavo sulle spalle di giganti<\/em> (I. Newton)<\/p>\n\n\n\n<h3 class=\"wp-block-heading\"><mark style=\"background-color:#f9ff00\" class=\"has-inline-color has-contrast-color\"><strong>Intervista<\/strong><\/mark><\/h3>\n\n\n\n<figure class=\"wp-block-embed is-type-video is-provider-youtube wp-block-embed-youtube wp-embed-aspect-16-9 wp-has-aspect-ratio\"><div class=\"wp-block-embed__wrapper\">\n<iframe title=\"LEXIS incontra REXILIENCE\" width=\"500\" height=\"281\" src=\"https:\/\/www.youtube.com\/embed\/BjsnUWQO0gU?feature=oembed\" frameborder=\"0\" allow=\"accelerometer; autoplay; clipboard-write; encrypted-media; gyroscope; picture-in-picture; web-share\" referrerpolicy=\"strict-origin-when-cross-origin\" allowfullscreen><\/iframe>\n<\/div><\/figure>\n\n\n\n<p class=\"has-text-align-right has-small-font-size\"><code>(novembre 2024)<\/code><\/p>\n\n\n\n<h3 class=\"wp-block-heading\"><mark style=\"background-color:#f9ff00\" class=\"has-inline-color has-contrast-color\"><strong>Partecipo ai<\/strong><\/mark><\/h3>\n\n\n\n<figure class=\"wp-block-image size-large\"><a href=\"https:\/\/www.copernicani.it\" target=\"_blank\" rel=\" noreferrer noopener\"><img decoding=\"async\" width=\"1024\" height=\"271\" src=\"https:\/\/www.marcolocatelli.com\/wp-content\/uploads\/2025\/03\/copernicani-1024x271.png\" alt=\"www.copernicani.it\" class=\"wp-image-213\" srcset=\"https:\/\/www.marcolocatelli.com\/wp-content\/uploads\/2025\/03\/copernicani-1024x271.png 1024w, https:\/\/www.marcolocatelli.com\/wp-content\/uploads\/2025\/03\/copernicani-300x80.png 300w, https:\/\/www.marcolocatelli.com\/wp-content\/uploads\/2025\/03\/copernicani-768x204.png 768w, https:\/\/www.marcolocatelli.com\/wp-content\/uploads\/2025\/03\/copernicani-1536x407.png 1536w, https:\/\/www.marcolocatelli.com\/wp-content\/uploads\/2025\/03\/copernicani.png 1758w\" sizes=\"(max-width: 1024px) 100vw, 1024px\" \/><\/a><\/figure>\n\n\n\n<h3 class=\"wp-block-heading\"><mark style=\"background-color:#f9ff00\" class=\"has-inline-color has-contrast-color\"><strong>Biografia<\/strong><\/mark><\/h3>\n\n\n\n<p><a href=\"https:\/\/www.marcolocatelli.com\/index.php\/biografia\/\">qui&#8230;<\/a><\/p>\n\n\n\n<p class=\"has-text-align-center has-contrast-color has-text-color has-background has-link-color wp-elements-e75c45307c42faaefd2b4a6236164837\" style=\"background-color:#e3df07a1\"><strong>(<a href=\"https:\/\/www.marcolocatelli.com\/index.php\/they-called-me-marco-locatelli\/\">English version<\/a>)<\/strong><\/p>\n\n\n\n<p><\/p>\n","protected":false},"excerpt":{"rendered":"<p>(cos\u00ec \u00e8 come mi hanno chiamato i miei cari genitori, Ambrogina e Mario) abbiamo imparato a determinare il nostro futuro con indipendenzainsegniamo ai giovani ad avere fiducia in s\u00e9 stessi affinch\u00e8 scelgano il loro con consapevolezza Nato a Bergamo NEL lontano &#8217;64,laureato in Scienze della Informazione (Computer Science) alla Scuola del prof. Gianni Degli Antoni [&hellip;]<\/p>\n","protected":false},"author":1,"featured_media":0,"parent":0,"menu_order":0,"comment_status":"closed","ping_status":"open","template":"","meta":{"footnotes":""},"class_list":["post-2","page","type-page","status-publish","hentry"],"_links":{"self":[{"href":"https:\/\/www.marcolocatelli.com\/index.php\/wp-json\/wp\/v2\/pages\/2","targetHints":{"allow":["GET"]}}],"collection":[{"href":"https:\/\/www.marcolocatelli.com\/index.php\/wp-json\/wp\/v2\/pages"}],"about":[{"href":"https:\/\/www.marcolocatelli.com\/index.php\/wp-json\/wp\/v2\/types\/page"}],"author":[{"embeddable":true,"href":"https:\/\/www.marcolocatelli.com\/index.php\/wp-json\/wp\/v2\/users\/1"}],"replies":[{"embeddable":true,"href":"https:\/\/www.marcolocatelli.com\/index.php\/wp-json\/wp\/v2\/comments?post=2"}],"version-history":[{"count":50,"href":"https:\/\/www.marcolocatelli.com\/index.php\/wp-json\/wp\/v2\/pages\/2\/revisions"}],"predecessor-version":[{"id":265,"href":"https:\/\/www.marcolocatelli.com\/index.php\/wp-json\/wp\/v2\/pages\/2\/revisions\/265"}],"wp:attachment":[{"href":"https:\/\/www.marcolocatelli.com\/index.php\/wp-json\/wp\/v2\/media?parent=2"}],"curies":[{"name":"wp","href":"https:\/\/api.w.org\/{rel}","templated":true}]}}